 = -24*z. Let c be q(2). Let w = c - -91. Let s = -585 - -710. What is the remainder when s is divided by w?
39
Suppose 17*a - 360 = 9*a. Let h = 91 - a. What is the remainder when h is divided by (-240)/(-36)*((-15)/(-4) - 0)?
21
Suppose 53*o = -39*o + 16*o + 304. What is the remainder when o is divided by 1?
0
Let k(z) = -z**3 - 10*z**2 + 23*z + 73. Calculate the remainder when 189 is divided by k(-12).
19
Suppose -11910 - 1817 = -1961*s. Calculate the remainder when 12*1*(-31)/(-3) is divided by s.
5
Let u be (-250)/20*(0 + 2). Let g be -6*(u/(-10) - 3). Suppose -44 = -g*c - 35. Calculate the remainder when 6 is divided by c.
0
Suppose 4*f = d + 3*d - 1912, 0 = -5*f + 5. Calculate the remainder when d is divided by 41.
28
Let p = 288 - 197. Suppose 7*d + 5*q = 8*d + 17, -6 = 2*d - 3*q. Suppose a = d + 29. Calculate the remainder when p is divided by a.
27
Suppose p - o - 1 = -p, 9 = 5*p + 4*o. What is the remainder when (p - (-1)/5)/(6/3280) is divided by 14?
12
Suppose -4 = 2*p + 2*z, -2*p + z - 2*z - 7 = 0. Let a be 2/p - 16172/(-130). Suppose -254 - a = -3*q. What is the remainder when q is divided by 10?
6
Let t(l) = 4*l**2 - 9*l - 16. Calculate the remainder when t(-3) is divided by (-245)/(-8) - (-78)/208.
16
Suppose 12*f + 4 - 40 = 0. Suppose 5*p + 2*m = 4*m + 48, 33 = f*p + 3*m. What is the remainder when 46 is divided by p?
6
Suppose -z = -3*g + 21 - 6, 0 = 2*g - 3*z - 3. Suppose 0 = -g*p - 26*p + 13952. What is the remainder when p is divided by 88?
84
Suppose 8 + 1 = 3*a. Suppose i + 34 = 4*r + a*i, -3*i = -r + 5. Suppose 2*x = -s + 36, r = 5*x + 23. What is the remainder when s is divided by 11?
9
Suppose 21*k - 26 = 20*k. Suppose -5*m = -3*z + 33, -2*m - z - k = z. Calculate the remainder when 30 is divided by -1 - m - (4 + -4).
6
Suppose -17*b - 3*z + 12 = -14*b, -3*z + 5 = -4*b. What is the remainder when 94/(-6 - (-8)/b) is divided by 6?
5
Let b be (-2 - (-1320)/(-9))*-3. Suppose -n - d = -107, 4*n - d - b = d. Calculate the remainder when n is divided by 29.
23
Let o(c) = -c**2 + 4 - 4618*c + 4624*c + 4. Calculate the remainder when 79 is divided by o(6).
7
Let z = 12413 - 12213. Calculate the remainder when 583 is divided by z.
183
Let i = 961 + -942. Suppose -2*n = n + 2*d - 401, 3*n - 381 = 3*d. What is the remainder when n is divided by i?
17
Let o = 5675 + -1864. Calculate the remainder when o is divided by 123.
121
Suppose 0 = -4*s + 21 - 5. Suppose -c = s - 26. Suppose 16*a + 198 = -40*a + 870. Calculate the remainder when c is divided by a.
10
Let x be 144/(-90)*(-1 - 53/2). Suppose -x*f + 8494 = -13*f. Calculate the remainder when f is divided by 46.
44
Let v(k) = k**3 + 8*k**2 + 13*k - 9. What is the remainder when v(8) is divided by 15?
9
Suppose -20*i + 10612 = 8*i. Let t = 382 - i. Let o(b) = -b**2 - 5*b + 1. Calculate the remainder when o(-4) is divided by t.
2
Let q(m) = 2*m**3 + 3*m - 5. Suppose t - 43 = -t - 5*u, -2*t + 3*u = -35. Calculate the remainder when t is divided by q(2).
2
Suppose 16*h = 18*h + 8, -5*h = 5*k - 8715. What is the remainder when k is divided by 125?
122
Let q(h) = -10*h + 62. Let i be q(6). Suppose 2 = 5*n + p, 4*n - 3*p - 11 = i*n. Calculate the remainder when 10 is divided by n.
0
Suppose 3*p - 49*j - 1053 = -46*j, -8 = 2*j. What is the remainder when p is divided by 173?
1
Let l be (-4)/6*60/(-4). What is the remainder when 35 is divided by 26/14*((l - 12) + 9)?
9
Suppose 6269 = 28*d - 5743. Calculate the remainder when d is divided by 53.
5
Suppose 122*t - 125*t = 84. What is the remainder when 27 is divided by -8*((-49)/t + -3)?
7
Let f(g) = g**3 - 19*g**2 - 16*g - 1. Let q = 67 + -47. What is the remainder when f(q) is divided by 18?
7
Let t = -5 - -20. Suppose 5*q - 3*q = 4*g - 256, -5*g + 8*q = -331. What is the remainder when g is divided by t?
3
Suppose -14*g - 11664 = 4*g. Let k = -596 - g. Calculate the remainder when k is divided by 17.
1
Suppose 2*l + 350 - 364 = 0. Suppose 21*t - 119 = l. Calculate the remainder when t is divided by 2.
0
Let f(w) = w**3 + w**2 - 5*w + 6. Let x be f(-3). Let h = 3 + x. Let t(p) = 10*p**2 - 34*p + 8. What is the remainder when t(h) is divided by 55?
54
Let g = 7897 + -7693. Let u = -4 - -17. What is the remainder when g is divided by u?
9
Let r(k) = k**3 + 2*k**2 - 7*k + 4. Let p be r(-4). Suppose p = -3*j + 49 + 5. Calculate the remainder when 193 is divided by j.
13
Let k = 49743 + -49713. Let m(z) = 25*z**2 + 3*z + 2. Calculate the remainder when m(3) is divided by k.
26
Suppose -2*w + 717 = 3*g + 2*g, -2*w = 2*g - 282. Suppose 0 = -2*z + 5*j - 0*j + 157, 2*z - g = j. Calculate the remainder when z is divided by 37.
34
Suppose -276*f + 111351 = -147578 - 96007. What is the remainder when f is divided by 631?
24
Let a(x) = 600*x - 2323. Calculate the remainder when 692 is divided by a(4).
76
Suppose -64*u - 3701 + 12149 = 0. Calculate the remainder when u is divided by 25.
7
Let x be (-5)/2*18/(-15). Let p be 0/(4*(-15)/12). Suppose 0 = -x*r + 3*u + 150, r = -p*u + 4*u + 41. Calculate the remainder when r is divided by 5.
3
Suppose 0 = w - 3*f - 229, 2*w - 13*f = -12*f + 438. What is the remainder when w is divided by 21*((-2)/(-1) + 8/6)?
7
Let v(d) = 12*d**2 + 119*d + 85. Calculate the remainder when v(31) is divided by 178.
176
Let q be (-2)/6 - (-4)/((-48)/380). What is the remainder when (1 - -9) + -6 - q is divided by 10?
6
Let r = -963 + 1008. Calculate the remainder when r is divided by (-4)/(-26) + 462/39.
9
Suppose -42 = -2*z - o + 23, 5*o = 5*z - 185. Let s(n) = -n**3 - 2*n**2 + n + 2. Let w be s(2). Calculate the remainder when z is divided by 58/8 - w/(-48).
6
Let a(u) = -4*u - 11*u + 20*u - 11 - 8*u**2 + 2*u**3 - 9*u. Calculate the remainder when a(5) is divided by 7.
5
Suppose 5*p = -5*n + 3620, 3*n = -150*p + 153*p + 2130. What is the remainder when n is divided by 357?
3
Calculate the remainder when 106 + (-22)/(-33)*-18 is divided by 480/42 + 12/21.
10
Let p = 29 + -14. Let u(g) = -14*g**2 + 747*g - 296. Calculate the remainder when u(50) is divided by p.
14
Suppose 2*b = -2*b - 292. Let a = b - -203. What is the remainder when a is divided by 2?
0
Suppose -1 - 227 = -4*s. Suppose 2351*m + 3*n + 102 = 2355*m, -n - 155 = -5*m. Calculate the remainder when s is divided by m.
24
Suppose -14*h + 19*h = -82*h + 6003. What is the remainder when 1835 is divided by h?
41
Suppose -4*f + 92 = -0. What is the remainder when 18/15*972/72*5 is divided by f?
12
Suppose -4 = -v + 2. Let m = 15497 - 15483. What is the remainder when v/3*(-2 - -29) is divided by m?
12
Let y(o) = -o**2 + 19*o + 13. Let t = 31 + -14. What is the remainder when y(16) is divided by t?
10
Suppose -24*o + 64*o = -89*o + 66564. What is the remainder when o is divided by 85?
6
Let j(r) be the first derivative of r**3/3 - 15*r**2/2 + 52*r - 59. What is the remainder when 3 is divided by j(10)?
1
Let i(k) be the first derivative of k**4/4 + 4*k**3 + 3*k**2 - 4*k - 11. Let d be i(-11). Let w = -31 + d. Calculate the remainder when w is divided by 11.
9
Let s(r) = 129*r + 57. Let t be s(1). Suppose 48*b = 54*b - t. Calculate the remainder when 86 is divided by b.
24
Suppose 0 = 3*h + 5*q - 259, 4*h + q = 4 + 347. Let l(t) = -2*t**2 - 38. Let c be l(0). Calculate the remainder when h is divided by (53 + c)/((-1)/(-3)).
43
Let z(j) = j + 22. Let m be z(-10). Suppose 0 = u - m - 43. Calculate the remainder when u is divided by 5232/2180 + ((-1064)/10)/(-4).
26
Let y(r) = 5*r - 10. Suppose 5*n - 34 = -4. Suppose -8*g + n*g = -10. What is the remainder when 49 is divided by y(g)?
4
Let a(q) = -q**3 - 8*q**2 + 13*q - 14. Let d be a(-10). Let w = d + -54. What is the remainder when 38 is divided by (w/(-6))/((-2)/(-15))*-2?
3
Let a be (-1)/(-5) + 209/55. Suppose 5*y = a*p - 5, -2*y + 12 = 2*p - 4. Suppose -y*f + 14 + 40 = 0. What is the remainder when 69 is divided by f?
15
Let a = 250 - 247. Suppose 0 = a*w + 93 - 276. Calculate the remainder when w is divided by 21.
19
Let j be 110/(-22) - (-1)/1. Calculate the remainder when 44 is divided by (32 - 4 - j)/(1*2).
12
Let s(w) = 551*w**2 - w - 8. Calculate the remainder when s(-1) is divided by 7.
5
Let w(y) = y**3 + 6*y**2 - 4*y - 2. Suppose -11600 = 906*m - 1022*m. What is the remainder when m is divided by w(-6)?